se
Let b(d) = -d - 5. Suppose -4*g - 19 = 1. Let k be b(g). Suppose k*p + 95 = 5*p. Is p a prime number?
True
Let w = 1347 + -706. Is w a prime number?
True
Suppose -3*a - 9 = -3. Is 0 - a*471/6 a prime number?
True
Let f(x) = -338*x - 3. Is f(-2) composite?
False
Suppose -4947 = -2*n + 9491. Is n composite?
False
Suppose -5*j = -2*j. Let p be (0 + j)/(6/6). Is (p - 237)*1/(-3) a composite number?
False
Let y = 72 - -77. Is y a composite number?
False
Let o(j) = 72*j + 19. Is o(18) a prime number?
False
Let d be (14/3)/((-2)/1461). Is d/(-21) - 2/(-3) prime?
True
Let b = 226 - -265. Is b composite?
False
Suppose -9*y + 4214 + 6577 = 0. Is y composite?
True
Suppose 0 = -0*w + w - 16. Let t = 0 + w. Suppose -2*z - 3*s + 19 = -z, -4*z = -3*s - t. Is z a prime number?
True
Let v(z) = -193*z - 22. Is v(-11) a composite number?
True
Suppose 43772 = 12*c - 50632. Is c prime?
True
Let v(u) = u**2 + 17*u + 7. Let k be v(-7). Is 2/((-6)/k - 0) a prime number?
False
Let g(z) = 5*z**2 + 4*z. Let m be g(-4). Let q = m + 19. Is q a prime number?
True
Let w be (3 + 3)*(-2)/(-3). Suppose -2*v = -0*c - c - 158, 0 = w*c + 5*v + 606. Is (-1 - 3)*c/8 a prime number?
False
Suppose -2*a + 3*i + 7252 = -a, -5*a + 36247 = -2*i. Is a a composite number?
True
Let v be 50/(-20)*8/(-10). Let b be (v - (1 - 3))/(-2). Is b*((-819)/(-6))/(-3) composite?
True
Let m(o) = o. Let r(z) = 130*z + 1. Let u(q) = 5*m(q) - r(q). Is u(-4) prime?
True
Let k(c) be the first derivative of -c**3/3 - 5*c**2 - 8*c - 4. Is k(-7) a composite number?
False
Let w(l) = l**2 + 8*l - 7. Let o be w(-8). Let u = o + 11. Is u composite?
True
Is 2830/4 + (-1)/2 a composite number?
True
Let v(p) = 7*p**2 + 3*p + 4. Is v(-2) a composite number?
True
Let y(d) = 4*d**2 + 2*d - 4. Let f be y(-6). Let x = f + -217. Let b = 174 + x. Is b composite?
True
Let m(l) = -l + 10. Let d be m(6). Let o be (d/(-3))/(2/(-6)). Suppose 0 = -u + 49 + o. Is u composite?
False
Suppose -3*n - 5*f = -1612, -159 = -4*n - 3*f + 1994. Suppose 3*w = 418 + n. Is w composite?
True
Let v(n) = 6*n - 2*n + 9 + 0*n. Let s be v(-6). Is 2/(2 + 28/s) a prime number?
False
Suppose 2*n + 3*c - 23 = -2*c, 0 = -3*n - c + 15. Is n a composite number?
True
Let o = 153 - 70. Is o a composite number?
False
Let n(l) = 2*l**2 + 9*l + 4. Is n(-9) prime?
False
Suppose -2*y + 2*m + 2341 = 7*m, -5*y - m + 5818 = 0. Is y a prime number?
True
Suppose -373 = -k + 10*m - 5*m, 3*k + 2*m - 1187 = 0. Is k prime?
False
Let n be (322 - 1 - 1) + -3. Suppose 0 = -2*f + 57 + n. Is f a prime number?
False
Suppose 105 = -8*s + 3*s. Is 6/s + 153/21 a prime number?
True
Let f be (-86)/(-18) - (-4)/18. Suppose 37 = 3*d - f. Is d a prime number?
False
Let v = 587 - 326. Suppose 2*o - 161 = v. Is o a composite number?
False
Suppose 556 = -3*r + 7*r + 4*k, -r - 5*k + 159 = 0. Is r composite?
True
Suppose -5*a = -5*c - 105, 3*a + 0*a - 61 = 5*c. Let i = 1 + a. Is i a prime number?
True
Suppose 4 = -4*t + 28. Let v(z) = z**3 - z**2 - 4*z + 5. Is v(t) prime?
False
Suppose -3*g + 526 = -k, -3*k = 5*g - 868 - 18. Suppose -4*i + 588 = -g. Is i prime?
True
Suppose 36*v - 37*v = -235. Is v a composite number?
True
Let v = -6 + 5. Let x(n) = 3*n**2 + n + 1. Let u be x(v). Let t(l) = 24*l - 3. Is t(u) prime?
False
Suppose 2*f = -2*f. Suppose -275 = -5*r - f*r. Is r composite?
True
Suppose s + 2 = u - 5, 3*s = -2*u + 4. Suppose u*d - 2*d - 4*c - 125 = 0, -d - 3*c + 33 = 0. Is d prime?
False
Let c(m) = -2*m - 3. Let r be c(-6). Let p be 80/2 + (1 - -1). Is p/r*(-39)/(-2) a prime number?
False
Suppose -2718 = -2*d + 5*r - r, -1363 = -d - 2*r. Is d composite?
False
Let l be 56/12*(-32 + -1). Suppose -3*q + 22 = 2*s, 0 = q - 3*s + 2*s - 4. Is (-1 - l)*q/18 a prime number?
False
Let m be ((-2)/(-2))/1 - -59. Suppose 0 = 3*k + k - m. Suppose -k = -3*o + 2*o. Is o a composite number?
True
Let s be 36/21*(-105)/6. Let w = s + 52. Is w a prime number?
False
Let m = 37 - 85. Let d = m - -85. Is d a composite number?
False
Let o = -28 - -52. Is (-1)/((-2)/o) + 1 a prime number?
True
Let z(s) = -s**3 + 14*s**2 - 13*s. Let f be z(12). Suppose f + 152 = 4*r. Is r a composite number?
False
Suppose 6 = -k - 2*k. Let g be k/(-3) - 96/9. Let c(v) = -v**3 - 10*v**2 - 9*v - 1. Is c(g) composite?
False
Suppose -4*b + 1439 = 4*i - 601, 0 = -5*b + 15. Suppose 5*z - i + 112 = 0. Is z composite?
False
Let j(k) = -34*k + 6. Let l(m) = -m**3 - 3*m**2 + 4*m + 5. Let c be l(-4). Let h be j(c). Let a = 273 + h. Is a composite?
False
Suppose -3*n = -2*b - 972, 2*n - 2*b = 896 - 248. Suppose 69 - n = -3*p. Is p prime?
False
Suppose -2*o + 30 = -0*o. Let g = -8 + o. Is g a prime number?
True
Let w(m) = 2*m + 9. Suppose 0 = 5*v - 4 + 34. Let q be w(v). Let k(u) = 5*u**2 - 2*u - 2. Is k(q) a composite number?
True
Suppose -z - 61 = -5*t, -74 + 24 = -4*t + 2*z. Is 6*t/3 - 2 a composite number?
True
Let z be (1 + 4/(-6))*159. Let j = z + -16. Is j a composite number?
False
Suppose -3 = 4*p + 13. Let j(f) = -3*f + 2. Is j(p) a prime number?
False
Let u(y) = -y**2 - 4*y + 2. Let o be u(-4). Let j be (-2)/(-3) + o/(-3). Let h(g) = g**2 - g + 91. Is h(j) a prime number?
False
Let n(s) = -6*s + 1061. Is n(0) composite?
False
Is (1/(-2))/((-10)/3320) a composite number?
True
Let s(x) = -x - 1. Let r(w) = 6*w - 2. Let j(p) = r(p) - 3*s(p). Is j(2) composite?
False
Suppose f - 1162 = 2*z - 4*z, 3*z = -5*f + 1743. Is z prime?
False
Suppose -202 = -5*q - 82. Suppose -d + 11 + q = -4*y, -4*d + 120 = 4*y. Is d a composite number?
False
Let i be (479 - -4) + (0 - 0). Suppose 3*k = m - 157, -3*m + 6*k = 3*k - i. Is m a prime number?
True
Suppose 304 = 3*j - 5*u - 97, 0 = -j + u + 131. Is j composite?
False
Suppose 2*u = -2*u + 316. Suppose 4*y - 685 = u. Is y composite?
False
Let h(g) = -g**2 - 9*g - 14. Let t be h(-7). Let f(n) = -2*n + 157 + 2*n + n. Is f(t) composite?
False
Suppose 7*r - 56 = -0*r. Let m(q) = 9*q + 11. Is m(r) a prime number?
True
Let p(s) = 14*s**2 + s - 1. Is p(2) a prime number?
False
Is 1 + (-84)/(-3)*24 a composite number?
False
Let p(f) = -187*f + 59. Is p(-6) a prime number?
True
Let v = -59 + 394. Is v composite?
True
Let m = 62 + -23. Is m a prime number?
False
Let n = 10 + 111. Let p = -70 + n. Let l = -30 + p. Is l prime?
False
Let r = 27 + -19. Suppose 2*c - 2*u = r, -2*c - 2*c + 5*u + 18 = 0. Suppose x + 30 = 5*h, -c*h = -2*x - 5 + 1. Is h composite?
False
Let y(h) = -3*h + 10. Let r be y(-7). Let s = 68 - r. Is s a prime number?
True
Suppose -2*y - 2 + 44 = 2*q, 3*y - 51 = 3*q. Let g be (3 - (-28)/(-12))*-9. Let o = y - g. Is o a prime number?
False
Let y = 4 + -1. Suppose -3 - y = -2*q. Suppose -n + q*l + 62 = 0, 0*n + 3*l + 139 = 2*n. Is n a composite number?
True
Let f(b) = b**2 - 6*b. Let m be f(6). Suppose m*z + 3*z - 2*i - 639 = 0, -5*z - i = -1052. Is z a composite number?
False
Let a = -3 + -1. Let r be ((-94)/a)/(1/(-4)). Let k = -61 - r. Is k a prime number?
False
Let c(q) = -q + 10. Let k(a) = a - 9. Let i(j) = -5*c(j) - 6*k(j). Let h be i(2). Is h + -4 + 1 + 36 composite?
True
Let z = 2742 + -1549. Is z a composite number?
False
Let u = -55 - -173. Is u a prime number?
False
Let x = -55 - -30. Let d(t) = 5*t**2 - 3*t. Let s be d(4). Let z = s + x. Is z a composite number?
False
Suppose 3*o + 0 = 9. Let d be 0 - 270/(o/(-1)). Let n = -44 + d. Is n composite?
True
Let w(h) = -h**3 - h**2 + h - 1. Let c(f) = 7*f**3 - 4*f**2 - 21*f + 9. Let v(u) = c(u) + 6*w(u). Is v(12) a composite number?
True
Let c(h) = 214*h + 7. Is c(6) a prime number?
True
Let w be -3*((-23)/3)/1. Suppose -5*c - 8 = -w. Suppose 2*h = -3*b - c*h + 58, -5*b + 109 = -4*h. Is b composite?
True
Let l(u) = -u**3 - 3*u**2 - 7*u - 1. Let p be l(-4). Let x be 8 + (-2)/1 + -2. Suppose 4*z + x*f = 16, -2*z + 8*f + p = 3*f. Is z prime?
False
Let b = 4294 + -477. Is b composite?
True
Let x = -397 - -560. Suppose 4*u - 121 = x. Is u a prime number?
True
Let j = -7 + 3. Let s(r) be the second derivative of -5*r**3/3 - 3*r**2/2 - r. Is s(j) a composite number?
False
Suppose 1 = 5*o - 14. Suppose 3*p - a = 218, -2*p + 4*a + 375 = o*p. Let s = p - 24. Is s a composite number?
False
Let x = -7 + 28. Suppose 18 = s - x. Is s a composite number?
True
Suppose 10*j = 5*j + 785. Is j composite?
False
Is (3985 + 4)*(1 + (-1 - -1)) a prime